{"id":2349,"date":"2018-09-26T15:41:48","date_gmt":"2018-09-26T13:41:48","guid":{"rendered":"https:\/\/scheffler-bad-saarow.de\/gartentechnik\/?page_id=2349"},"modified":"2018-09-26T15:58:17","modified_gmt":"2018-09-26T13:58:17","slug":"husqvarna-akku-serie","status":"publish","type":"page","link":"https:\/\/scheffler-bad-saarow.de\/gartentechnik\/husqvarna-akku-serie\/","title":{"rendered":"Akku-Serie"},"content":{"rendered":"\n<style type=\"text\/css\" data-created_by=\"avia_inline_auto\" id=\"style-css-av-jjobj2ag-335c8664a5c6f239b752338746f0188f\">\n.avia-section.av-jjobj2ag-335c8664a5c6f239b752338746f0188f{\nbackground-color:#e6e6e6;\nbackground-image:url(https:\/\/scheffler-bad-saarow.de\/gartentechnik\/wp-content\/uploads\/sites\/2\/2018\/09\/akku-serie-hg.jpg);\nbackground-repeat:no-repeat;\nbackground-position:50% 100%;\nbackground-attachment:fixed;\n}\n.avia-section.av-jjobj2ag-335c8664a5c6f239b752338746f0188f .av-section-color-overlay{\nopacity:0.7;\nbackground-color:#000000;\n}\n<\/style>\n<div id='av_section_1'  class='avia-section av-jjobj2ag-335c8664a5c6f239b752338746f0188f main_color avia-section-huge avia-no-border-styling  avia-builder-el-0  el_before_av_section  avia-builder-el-first  avia-full-stretch avia-bg-style-fixed av-section-color-overlay-active av-minimum-height av-minimum-height-50  container_wrap fullsize'  data-section-bg-repeat='stretch' data-av_minimum_height_pc='50'><div class=\"av-section-color-overlay-wrap\"><div class=\"av-section-color-overlay\"><\/div><div class='container av-section-cont-open' ><main  role=\"main\" itemprop=\"mainContentOfPage\"  class='template-page content  av-content-full alpha units'><div class='post-entry post-entry-type-page post-entry-2349'><div class='entry-content-wrapper clearfix'>\n\n<style type=\"text\/css\" data-created_by=\"avia_inline_auto\" id=\"style-css-av-jmj7sx5x-7082efa0d38ab640798769e87aab6826\">\n#top .av-special-heading.av-jmj7sx5x-7082efa0d38ab640798769e87aab6826{\nmargin:0 0 25px 0;\npadding-bottom:10px;\ncolor:#83ba33;\n}\nbody .av-special-heading.av-jmj7sx5x-7082efa0d38ab640798769e87aab6826 .av-special-heading-tag .heading-char{\nfont-size:25px;\n}\n.av-special-heading.av-jmj7sx5x-7082efa0d38ab640798769e87aab6826 .special-heading-inner-border{\nborder-color:#83ba33;\n}\n.av-special-heading.av-jmj7sx5x-7082efa0d38ab640798769e87aab6826 .av-subheading{\nfont-size:30px;\n}\n\n@media only screen and (min-width: 768px) and (max-width: 989px){ \n#top #wrap_all .av-special-heading.av-jmj7sx5x-7082efa0d38ab640798769e87aab6826 .av-special-heading-tag{\nfont-size:60px;\n}\n}\n\n@media only screen and (min-width: 480px) and (max-width: 767px){ \n#top #wrap_all .av-special-heading.av-jmj7sx5x-7082efa0d38ab640798769e87aab6826 .av-special-heading-tag{\nfont-size:40px;\n}\n}\n\n@media only screen and (max-width: 479px){ \n#top #wrap_all .av-special-heading.av-jmj7sx5x-7082efa0d38ab640798769e87aab6826 .av-special-heading-tag{\nfont-size:30px;\n}\n}\n<\/style>\n<div  class='av-special-heading av-jmj7sx5x-7082efa0d38ab640798769e87aab6826 av-special-heading-h1 custom-color-heading blockquote modern-quote modern-centered  avia-builder-el-1  avia-builder-el-no-sibling '><h1 class='av-special-heading-tag'  itemprop=\"headline\"  >Lange Laufzeit und geringes Gewicht<\/h1><div class='av_custom_color av-subheading av-subheading_below'><p>DIE AKKU-SERIE VON HUSQVARNA<\/p>\n<\/div><div class=\"special-heading-border\"><div class=\"special-heading-inner-border\"><\/div><\/div><\/div>\n<\/div><\/div><\/main><!-- close content main element --><\/div><\/div><\/div>\n<style type=\"text\/css\" data-created_by=\"avia_inline_auto\" id=\"style-css-av-jjjriv9g-2f7bd672695aaa0cf506011346ab6aca\">\n.avia-section.av-jjjriv9g-2f7bd672695aaa0cf506011346ab6aca{\nbackground-color:#a8ca68;\nbackground-image:unset;\n}\n<\/style>\n<div id='av_section_2'  class='avia-section av-jjjriv9g-2f7bd672695aaa0cf506011346ab6aca main_color avia-section-default avia-no-border-styling  avia-builder-el-2  el_after_av_section  avia-builder-el-last  avia-bg-style-scroll container_wrap fullsize'  ><div class='container av-section-cont-open' ><div class='template-page content  av-content-full alpha units'><div class='post-entry post-entry-type-page post-entry-2349'><div class='entry-content-wrapper clearfix'>\n\n<style type=\"text\/css\" data-created_by=\"avia_inline_auto\" id=\"style-css-av-2k8xcn-554822710c282ad20a78d5bd44a3f014\">\n.flex_column.av-2k8xcn-554822710c282ad20a78d5bd44a3f014{\n-webkit-border-radius:0px 0px 0px 0px;\n-moz-border-radius:0px 0px 0px 0px;\nborder-radius:0px 0px 0px 0px;\npadding:0px 0px 0px 0px;\n}\n<\/style>\n<div class='flex_column av-2k8xcn-554822710c282ad20a78d5bd44a3f014 av_one_full  avia-builder-el-3  avia-builder-el-no-sibling  first flex_column_div av-zero-column-padding '     ><p>Keine Produkte gefunden, die deiner Auswahl entsprechen.<\/p><div class=\"clear\"><\/div><\/div>\n<\/p>\n","protected":false},"excerpt":{"rendered":"","protected":false},"author":1,"featured_media":0,"parent":0,"menu_order":0,"comment_status":"closed","ping_status":"closed","template":"","meta":{"footnotes":""},"class_list":["post-2349","page","type-page","status-publish","hentry"],"yoast_head":"<!-- This site is optimized with the Yoast SEO plugin v27.4 - https:\/\/yoast.com\/product\/yoast-seo-wordpress\/ -->\n<title>Akku-Serie - Scheffler - Gartentechnik<\/title>\n<meta name=\"description\" content=\"Scheffler Gartentechnik: Verkauf von M\u00e4hrobotern, Rasenm\u00e4hern, Gartentraktoren, Heckenscheren, Trimmern, Motorsensen, Laubblasger\u00e4ten u.v.m.\" \/>\n<meta name=\"robots\" content=\"index, follow, max-snippet:-1, max-image-preview:large, max-video-preview:-1\" \/>\n<link rel=\"canonical\" href=\"https:\/\/scheffler-bad-saarow.de\/gartentechnik\/husqvarna-akku-serie\/\" \/>\n<meta property=\"og:locale\" content=\"de_DE\" \/>\n<meta property=\"og:type\" content=\"article\" \/>\n<meta property=\"og:title\" content=\"Akku-Serie - Scheffler - Gartentechnik\" \/>\n<meta property=\"og:description\" content=\"Scheffler Gartentechnik: Verkauf von M\u00e4hrobotern, Rasenm\u00e4hern, Gartentraktoren, Heckenscheren, Trimmern, Motorsensen, Laubblasger\u00e4ten u.v.m.\" \/>\n<meta property=\"og:url\" content=\"https:\/\/scheffler-bad-saarow.de\/gartentechnik\/husqvarna-akku-serie\/\" \/>\n<meta property=\"og:site_name\" content=\"Scheffler - Gartentechnik\" \/>\n<meta property=\"article:modified_time\" content=\"2018-09-26T13:58:17+00:00\" \/>\n<meta name=\"twitter:card\" content=\"summary_large_image\" \/>\n<meta name=\"twitter:label1\" content=\"Gesch\u00e4tzte Lesezeit\" \/>\n\t<meta name=\"twitter:data1\" content=\"2\u00a0Minuten\" \/>\n<script type=\"application\/ld+json\" class=\"yoast-schema-graph\">{\"@context\":\"https:\\\/\\\/schema.org\",\"@graph\":[{\"@type\":\"WebPage\",\"@id\":\"https:\\\/\\\/scheffler-bad-saarow.de\\\/gartentechnik\\\/husqvarna-akku-serie\\\/\",\"url\":\"https:\\\/\\\/scheffler-bad-saarow.de\\\/gartentechnik\\\/husqvarna-akku-serie\\\/\",\"name\":\"Akku-Serie - Scheffler - Gartentechnik\",\"isPartOf\":{\"@id\":\"https:\\\/\\\/scheffler-bad-saarow.de\\\/gartentechnik\\\/#website\"},\"datePublished\":\"2018-09-26T13:41:48+00:00\",\"dateModified\":\"2018-09-26T13:58:17+00:00\",\"description\":\"Scheffler Gartentechnik: Verkauf von M\u00e4hrobotern, Rasenm\u00e4hern, Gartentraktoren, Heckenscheren, Trimmern, Motorsensen, Laubblasger\u00e4ten u.v.m.\",\"breadcrumb\":{\"@id\":\"https:\\\/\\\/scheffler-bad-saarow.de\\\/gartentechnik\\\/husqvarna-akku-serie\\\/#breadcrumb\"},\"inLanguage\":\"de\",\"potentialAction\":[{\"@type\":\"ReadAction\",\"target\":[\"https:\\\/\\\/scheffler-bad-saarow.de\\\/gartentechnik\\\/husqvarna-akku-serie\\\/\"]}]},{\"@type\":\"BreadcrumbList\",\"@id\":\"https:\\\/\\\/scheffler-bad-saarow.de\\\/gartentechnik\\\/husqvarna-akku-serie\\\/#breadcrumb\",\"itemListElement\":[{\"@type\":\"ListItem\",\"position\":1,\"name\":\"Startseite\",\"item\":\"https:\\\/\\\/scheffler-bad-saarow.de\\\/gartentechnik\\\/\"},{\"@type\":\"ListItem\",\"position\":2,\"name\":\"Akku-Serie\"}]},{\"@type\":\"WebSite\",\"@id\":\"https:\\\/\\\/scheffler-bad-saarow.de\\\/gartentechnik\\\/#website\",\"url\":\"https:\\\/\\\/scheffler-bad-saarow.de\\\/gartentechnik\\\/\",\"name\":\"Scheffler - Gartentechnik\",\"description\":\"Eine weitere Scheffler Websites Website\",\"publisher\":{\"@id\":\"https:\\\/\\\/scheffler-bad-saarow.de\\\/gartentechnik\\\/#organization\"},\"potentialAction\":[{\"@type\":\"SearchAction\",\"target\":{\"@type\":\"EntryPoint\",\"urlTemplate\":\"https:\\\/\\\/scheffler-bad-saarow.de\\\/gartentechnik\\\/?s={search_term_string}\"},\"query-input\":{\"@type\":\"PropertyValueSpecification\",\"valueRequired\":true,\"valueName\":\"search_term_string\"}}],\"inLanguage\":\"de\"},{\"@type\":\"Organization\",\"@id\":\"https:\\\/\\\/scheffler-bad-saarow.de\\\/gartentechnik\\\/#organization\",\"name\":\"Scheffler Gartentechnik\",\"url\":\"https:\\\/\\\/scheffler-bad-saarow.de\\\/gartentechnik\\\/\",\"logo\":{\"@type\":\"ImageObject\",\"inLanguage\":\"de\",\"@id\":\"https:\\\/\\\/scheffler-bad-saarow.de\\\/gartentechnik\\\/#\\\/schema\\\/logo\\\/image\\\/\",\"url\":\"https:\\\/\\\/scheffler-bad-saarow.de\\\/gartentechnik\\\/wp-content\\\/uploads\\\/sites\\\/2\\\/2018\\\/07\\\/logo-scheffler-gartentechnik.png\",\"contentUrl\":\"https:\\\/\\\/scheffler-bad-saarow.de\\\/gartentechnik\\\/wp-content\\\/uploads\\\/sites\\\/2\\\/2018\\\/07\\\/logo-scheffler-gartentechnik.png\",\"width\":542,\"height\":200,\"caption\":\"Scheffler Gartentechnik\"},\"image\":{\"@id\":\"https:\\\/\\\/scheffler-bad-saarow.de\\\/gartentechnik\\\/#\\\/schema\\\/logo\\\/image\\\/\"}}]}<\/script>\n<!-- \/ Yoast SEO plugin. -->","yoast_head_json":{"title":"Akku-Serie - Scheffler - Gartentechnik","description":"Scheffler Gartentechnik: Verkauf von M\u00e4hrobotern, Rasenm\u00e4hern, Gartentraktoren, Heckenscheren, Trimmern, Motorsensen, Laubblasger\u00e4ten u.v.m.","robots":{"index":"index","follow":"follow","max-snippet":"max-snippet:-1","max-image-preview":"max-image-preview:large","max-video-preview":"max-video-preview:-1"},"canonical":"https:\/\/scheffler-bad-saarow.de\/gartentechnik\/husqvarna-akku-serie\/","og_locale":"de_DE","og_type":"article","og_title":"Akku-Serie - Scheffler - Gartentechnik","og_description":"Scheffler Gartentechnik: Verkauf von M\u00e4hrobotern, Rasenm\u00e4hern, Gartentraktoren, Heckenscheren, Trimmern, Motorsensen, Laubblasger\u00e4ten u.v.m.","og_url":"https:\/\/scheffler-bad-saarow.de\/gartentechnik\/husqvarna-akku-serie\/","og_site_name":"Scheffler - Gartentechnik","article_modified_time":"2018-09-26T13:58:17+00:00","twitter_card":"summary_large_image","twitter_misc":{"Gesch\u00e4tzte Lesezeit":"2\u00a0Minuten"},"schema":{"@context":"https:\/\/schema.org","@graph":[{"@type":"WebPage","@id":"https:\/\/scheffler-bad-saarow.de\/gartentechnik\/husqvarna-akku-serie\/","url":"https:\/\/scheffler-bad-saarow.de\/gartentechnik\/husqvarna-akku-serie\/","name":"Akku-Serie - Scheffler - Gartentechnik","isPartOf":{"@id":"https:\/\/scheffler-bad-saarow.de\/gartentechnik\/#website"},"datePublished":"2018-09-26T13:41:48+00:00","dateModified":"2018-09-26T13:58:17+00:00","description":"Scheffler Gartentechnik: Verkauf von M\u00e4hrobotern, Rasenm\u00e4hern, Gartentraktoren, Heckenscheren, Trimmern, Motorsensen, Laubblasger\u00e4ten u.v.m.","breadcrumb":{"@id":"https:\/\/scheffler-bad-saarow.de\/gartentechnik\/husqvarna-akku-serie\/#breadcrumb"},"inLanguage":"de","potentialAction":[{"@type":"ReadAction","target":["https:\/\/scheffler-bad-saarow.de\/gartentechnik\/husqvarna-akku-serie\/"]}]},{"@type":"BreadcrumbList","@id":"https:\/\/scheffler-bad-saarow.de\/gartentechnik\/husqvarna-akku-serie\/#breadcrumb","itemListElement":[{"@type":"ListItem","position":1,"name":"Startseite","item":"https:\/\/scheffler-bad-saarow.de\/gartentechnik\/"},{"@type":"ListItem","position":2,"name":"Akku-Serie"}]},{"@type":"WebSite","@id":"https:\/\/scheffler-bad-saarow.de\/gartentechnik\/#website","url":"https:\/\/scheffler-bad-saarow.de\/gartentechnik\/","name":"Scheffler - Gartentechnik","description":"Eine weitere Scheffler Websites Website","publisher":{"@id":"https:\/\/scheffler-bad-saarow.de\/gartentechnik\/#organization"},"potentialAction":[{"@type":"SearchAction","target":{"@type":"EntryPoint","urlTemplate":"https:\/\/scheffler-bad-saarow.de\/gartentechnik\/?s={search_term_string}"},"query-input":{"@type":"PropertyValueSpecification","valueRequired":true,"valueName":"search_term_string"}}],"inLanguage":"de"},{"@type":"Organization","@id":"https:\/\/scheffler-bad-saarow.de\/gartentechnik\/#organization","name":"Scheffler Gartentechnik","url":"https:\/\/scheffler-bad-saarow.de\/gartentechnik\/","logo":{"@type":"ImageObject","inLanguage":"de","@id":"https:\/\/scheffler-bad-saarow.de\/gartentechnik\/#\/schema\/logo\/image\/","url":"https:\/\/scheffler-bad-saarow.de\/gartentechnik\/wp-content\/uploads\/sites\/2\/2018\/07\/logo-scheffler-gartentechnik.png","contentUrl":"https:\/\/scheffler-bad-saarow.de\/gartentechnik\/wp-content\/uploads\/sites\/2\/2018\/07\/logo-scheffler-gartentechnik.png","width":542,"height":200,"caption":"Scheffler Gartentechnik"},"image":{"@id":"https:\/\/scheffler-bad-saarow.de\/gartentechnik\/#\/schema\/logo\/image\/"}}]}},"_links":{"self":[{"href":"https:\/\/scheffler-bad-saarow.de\/gartentechnik\/wp-json\/wp\/v2\/pages\/2349","targetHints":{"allow":["GET"]}}],"collection":[{"href":"https:\/\/scheffler-bad-saarow.de\/gartentechnik\/wp-json\/wp\/v2\/pages"}],"about":[{"href":"https:\/\/scheffler-bad-saarow.de\/gartentechnik\/wp-json\/wp\/v2\/types\/page"}],"author":[{"embeddable":true,"href":"https:\/\/scheffler-bad-saarow.de\/gartentechnik\/wp-json\/wp\/v2\/users\/1"}],"replies":[{"embeddable":true,"href":"https:\/\/scheffler-bad-saarow.de\/gartentechnik\/wp-json\/wp\/v2\/comments?post=2349"}],"version-history":[{"count":4,"href":"https:\/\/scheffler-bad-saarow.de\/gartentechnik\/wp-json\/wp\/v2\/pages\/2349\/revisions"}],"predecessor-version":[{"id":2505,"href":"https:\/\/scheffler-bad-saarow.de\/gartentechnik\/wp-json\/wp\/v2\/pages\/2349\/revisions\/2505"}],"wp:attachment":[{"href":"https:\/\/scheffler-bad-saarow.de\/gartentechnik\/wp-json\/wp\/v2\/media?parent=2349"}],"curies":[{"name":"wp","href":"https:\/\/api.w.org\/{rel}","templated":true}]}}